{"id":7982,"date":"2023-04-21T09:55:37","date_gmt":"2023-04-21T09:55:37","guid":{"rendered":"https:\/\/ldmalunelis.lt\/?page_id=7982"},"modified":"2026-01-14T08:40:04","modified_gmt":"2026-01-14T06:40:04","slug":"grupes","status":"publish","type":"page","link":"https:\/\/ldmalunelis.lt\/?page_id=7982","title":{"rendered":"Grup\u0117s"},"content":{"rendered":"\t\t<div data-elementor-type=\"wp-page\" data-elementor-id=\"7982\" class=\"elementor elementor-7982\" data-elementor-post-type=\"page\">\n\t\t\t\t\t\t\t\t\t<section class=\"elementor-section elementor-top-section elementor-element elementor-element-e2cd304 elementor-section-boxed elementor-section-height-default elementor-section-height-default\" data-id=\"e2cd304\" data-element_type=\"section\">\n\t\t\t\t\t\t<div class=\"elementor-container elementor-column-gap-default\">\n\t\t\t\t\t<div class=\"elementor-column elementor-col-100 elementor-top-column elementor-element elementor-element-419aa85\" data-id=\"419aa85\" data-element_type=\"column\">\n\t\t\t<div class=\"elementor-widget-wrap elementor-element-populated\">\n\t\t\t\t\t\t\t\t<section class=\"elementor-section elementor-inner-section elementor-element elementor-element-e3a4e08 elementor-section-boxed elementor-section-height-default elementor-section-height-default\" data-id=\"e3a4e08\" data-element_type=\"section\">\n\t\t\t\t\t\t<div class=\"elementor-container elementor-column-gap-default\">\n\t\t\t\t\t<div class=\"elementor-column elementor-col-100 elementor-inner-column elementor-element elementor-element-1b63217\" data-id=\"1b63217\" data-element_type=\"column\">\n\t\t\t<div class=\"elementor-widget-wrap elementor-element-populated\">\n\t\t\t\t\t\t\t\t<div class=\"elementor-element elementor-element-3f66ad8 elementor-widget__width-initial elementor-widget elementor-widget-text-editor\" data-id=\"3f66ad8\" data-element_type=\"widget\" data-widget_type=\"text-editor.default\">\n\t\t\t\t<div class=\"elementor-widget-container\">\n\t\t\t<style>\/*! elementor - v3.17.0 - 08-11-2023 *\/\n.elementor-widget-text-editor.elementor-drop-cap-view-stacked .elementor-drop-cap{background-color:#69727d;color:#fff}.elementor-widget-text-editor.elementor-drop-cap-view-framed .elementor-drop-cap{color:#69727d;border:3px solid;background-color:transparent}.elementor-widget-text-editor:not(.elementor-drop-cap-view-default) .elementor-drop-cap{margin-top:8px}.elementor-widget-text-editor:not(.elementor-drop-cap-view-default) .elementor-drop-cap-letter{width:1em;height:1em}.elementor-widget-text-editor .elementor-drop-cap{float:left;text-align:center;line-height:1;font-size:50px}.elementor-widget-text-editor .elementor-drop-cap-letter{display:inline-block}<\/style>\t\t\t\t<p><strong>Lop\u0161elyje-dar\u017eelyje \u201eMal\u016bn\u0117lis&#8221; veikia 11 grupi\u0173.<\/strong><\/p>\n<p><span style=\"text-decoration: underline;\"><strong>Ankstyvojo ugdymo grup\u0117s:<\/strong><\/span><\/p>\n<p><strong>\u201eBoru\u017e\u0117l\u0117s&#8221; (0 -1 m.), grup\u0117s telefonas +370 666 17 760.&nbsp;<\/strong><\/p>\n<p>Mokytojos Ilona Kairien\u0117, Renata Aleksandravi\u010dien\u0117, Lina Kavaliauskien\u0117, Rima Vaitek\u016bnait\u0117, ikimokyklinio ugdymo mokytojo pad\u0117j\u0117ja Sandra Kiel\u0117.<\/p>\n<p><strong>\u201eNyk\u0161tukai&#8221; (1-2 m.), grup\u0117s telefonas +370 682 16 743.<\/strong><\/p>\n<p>Mokytojos Virginija D\u016bd\u0117nien\u0117, Milginta Labukait\u0117, ikimokyklinio ugdymo mokytojo pad\u0117j\u0117ja Laura Kaleininkien\u0117.<\/p>\n<p><strong>\u201eBitut\u0117s&#8221;, grup\u0117s telefonas +370 665 71 980.&nbsp;<\/strong><\/p>\n<p>Mokytojos Lina Kavaliauskien\u0117, Julanta Mickevi\u010dien\u0117, ikimokyklinio ugdymo mokytojo pad\u0117j\u0117ja Daiva Gaigalien\u0117.<\/p>\n<p><strong>\u201eLapiukai&#8221; (1-2 m.), grup\u0117s telefonas +370 698 81 569.<\/strong><\/p>\n<p>Mokytojos Irena Hilda Baland\u017eiuvien\u0117, Rima Murauskien\u0117, ikimokyklinio ugdymo mokytojo pad\u0117j\u0117jos Agn\u0117 Liepinaitien\u0117.<\/p>\n<p><strong>\u201eDrugeliai&#8221; (2-3 m.), grup\u0117s telefonas +370 603 34 267.&nbsp;<\/strong><\/p>\n<p>Mokytojos Renata Aleksandravi\u010dien\u0117, Rita Lazauskien\u0117, ikimokyklinio ugdymo mokytojo pad\u0117j\u0117ja Rima Vilkelien\u0117.<\/p>\n<p><span style=\"text-decoration: underline;\"><strong>Ikimokyklinio ugdymo grup\u0117s:<\/strong><\/span><\/p>\n<p><strong>\u201ePel\u0117d\u017eiukai&#8221;, grup\u0117s telefonas +370 665 24 112.<\/strong><\/p>\n<p>Mokytojos Renata \u010cirvinskien\u0117, Vestina Mork\u016bnait\u0117, ikimokyklinio ugdymo mokytojo pad\u0117j\u0117ja Au\u0161ra Metiolkinien\u0117.&nbsp;<\/p>\n<p><strong>\u201eKi\u0161ku\u010diai&#8221;, grup\u0117s telefonas +370 697 65 538.<\/strong><\/p>\n<p>Mokytojos Daina Juodien\u0117,&nbsp; Renalda Moli\u016bnait\u0117, ikimokyklinio ugdymo mokytojo&nbsp; pad\u0117j\u0117ja Kristina Ambrazevi\u010dien\u0117.&nbsp;<\/p>\n<p><strong>\u201eSaulut\u0117s&#8221;, grup\u0117s telefonas +370 659 10 624.&nbsp;<\/strong><\/p>\n<p>Mokytojos Meda Banevi\u010d\u0117,&nbsp; Rima Vaitek\u016bnait\u0117,&nbsp; ikimokyklinio ugdymo mokytojo pad\u0117j\u0117ja Edita Valatavi\u010dien\u0117<\/p>\n<p><strong>\u201eMe\u0161ku\u010diai&#8221;, grup\u0117s telefonas +370 664 79 028.<\/strong><\/p>\n<p>Mokytojos Giedr\u0117 Babinskien\u0117, Emilija Metiolkinait\u0117, ikimokyklinio ugdymo mokytojo pad\u0117j\u0117ja Simona Bartusevi\u010dien\u0117.<\/p>\n<p><span style=\"text-decoration: underline;\"><strong>Prie\u0161mokyklinio ugdymo grup\u0117s:&nbsp;<\/strong><\/span><\/p>\n<p><strong>\u201eE\u017eiukai&#8221;, grup\u0117s telefonas +370 620 84 748.&nbsp;<\/strong><\/p>\n<p>Mokytojos Milena Jura\u0161kien\u0117, Greta Slap\u0161yt\u0117, ikimokyklinio ugdymo mokytojo pad\u0117j\u0117ja Erika Draugelyt\u0117.<\/p>\n<p><strong>\u201eVoveriukai&#8221;, grup\u0117s telefonas +370 650 82 503.<\/strong><\/p>\n<p>Mokytojos Vida Seiliuvien\u0117, Egl\u0117 Veli\u010dk\u0117, ikimokyklinio ugdymo mokytojo pad\u0117j\u0117ja Dal\u0117 Korsakien\u0117.&nbsp;<\/p>\t\t\t\t\t\t<\/div>\n\t\t\t\t<\/div>\n\t\t\t\t\t<\/div>\n\t\t<\/div>\n\t\t\t\t\t\t\t<\/div>\n\t\t<\/section>\n\t\t\t\t\t<\/div>\n\t\t<\/div>\n\t\t\t\t\t\t\t<\/div>\n\t\t<\/section>\n\t\t\t\t\t\t\t<\/div>\n\t\t","protected":false},"excerpt":{"rendered":"<p>Lop\u0161elyje-dar\u017eelyje \u201eMal\u016bn\u0117lis&#8221; veikia 11 grupi\u0173. Ankstyvojo ugdymo grup\u0117s: \u201eBoru\u017e\u0117l\u0117s&#8221; (0 -1 m.), grup\u0117s telefonas +370 666 17 760.&nbsp; Mokytojos Ilona Kairien\u0117, Renata Aleksandravi\u010dien\u0117, Lina Kavaliauskien\u0117, Rima Vaitek\u016bnait\u0117, ikimokyklinio ugdymo mokytojo pad\u0117j\u0117ja Sandra Kiel\u0117. \u201eNyk\u0161tukai&#8221; (1-2 m.), grup\u0117s telefonas +370 682 16 743. Mokytojos Virginija D\u016bd\u0117nien\u0117, Milginta Labukait\u0117, ikimokyklinio ugdymo mokytojo pad\u0117j\u0117ja Laura Kaleininkien\u0117. \u201eBitut\u0117s&#8221;, grup\u0117s [&hellip;]<\/p>\n","protected":false},"author":1,"featured_media":0,"parent":0,"menu_order":0,"comment_status":"closed","ping_status":"closed","template":"","meta":{"footnotes":""},"class_list":["post-7982","page","type-page","status-publish","hentry"],"_links":{"self":[{"href":"https:\/\/ldmalunelis.lt\/index.php?rest_route=\/wp\/v2\/pages\/7982","targetHints":{"allow":["GET"]}}],"collection":[{"href":"https:\/\/ldmalunelis.lt\/index.php?rest_route=\/wp\/v2\/pages"}],"about":[{"href":"https:\/\/ldmalunelis.lt\/index.php?rest_route=\/wp\/v2\/types\/page"}],"author":[{"embeddable":true,"href":"https:\/\/ldmalunelis.lt\/index.php?rest_route=\/wp\/v2\/users\/1"}],"replies":[{"embeddable":true,"href":"https:\/\/ldmalunelis.lt\/index.php?rest_route=%2Fwp%2Fv2%2Fcomments&post=7982"}],"version-history":[{"count":61,"href":"https:\/\/ldmalunelis.lt\/index.php?rest_route=\/wp\/v2\/pages\/7982\/revisions"}],"predecessor-version":[{"id":12303,"href":"https:\/\/ldmalunelis.lt\/index.php?rest_route=\/wp\/v2\/pages\/7982\/revisions\/12303"}],"wp:attachment":[{"href":"https:\/\/ldmalunelis.lt\/index.php?rest_route=%2Fwp%2Fv2%2Fmedia&parent=7982"}],"curies":[{"name":"wp","href":"https:\/\/api.w.org\/{rel}","templated":true}]}}