{"id":39,"date":"2023-04-17T13:39:49","date_gmt":"2023-04-17T13:39:49","guid":{"rendered":"https:\/\/ldmalunelis.lt\/?page_id=39"},"modified":"2026-04-02T14:58:26","modified_gmt":"2026-04-02T12:58:26","slug":"priemimas","status":"publish","type":"page","link":"https:\/\/ldmalunelis.lt\/?page_id=39","title":{"rendered":"Pri\u0117mimas"},"content":{"rendered":"\t\t<div data-elementor-type=\"wp-page\" data-elementor-id=\"39\" class=\"elementor elementor-39\" data-elementor-post-type=\"page\">\n\t\t\t\t\t\t\t\t\t<section class=\"elementor-section elementor-top-section elementor-element elementor-element-f0f9a0e elementor-section-boxed elementor-section-height-default elementor-section-height-default\" data-id=\"f0f9a0e\" data-element_type=\"section\">\n\t\t\t\t\t\t<div class=\"elementor-container elementor-column-gap-default\">\n\t\t\t\t\t<div class=\"elementor-column elementor-col-100 elementor-top-column elementor-element elementor-element-ca880d2\" data-id=\"ca880d2\" data-element_type=\"column\">\n\t\t\t<div class=\"elementor-widget-wrap elementor-element-populated\">\n\t\t\t\t\t\t\t\t<div class=\"elementor-element elementor-element-5b8de26 elementor-widget elementor-widget-heading\" data-id=\"5b8de26\" data-element_type=\"widget\" data-widget_type=\"heading.default\">\n\t\t\t\t<div class=\"elementor-widget-container\">\n\t\t\t<style>\/*! elementor - v3.17.0 - 08-11-2023 *\/\n.elementor-heading-title{padding:0;margin:0;line-height:1}.elementor-widget-heading .elementor-heading-title[class*=elementor-size-]>a{color:inherit;font-size:inherit;line-height:inherit}.elementor-widget-heading .elementor-heading-title.elementor-size-small{font-size:15px}.elementor-widget-heading .elementor-heading-title.elementor-size-medium{font-size:19px}.elementor-widget-heading .elementor-heading-title.elementor-size-large{font-size:29px}.elementor-widget-heading .elementor-heading-title.elementor-size-xl{font-size:39px}.elementor-widget-heading .elementor-heading-title.elementor-size-xxl{font-size:59px}<\/style><h2 class=\"elementor-heading-title elementor-size-default\">Pri\u0117mimas<\/h2>\t\t<\/div>\n\t\t\t\t<\/div>\n\t\t\t\t\t<\/div>\n\t\t<\/div>\n\t\t\t\t\t\t\t<\/div>\n\t\t<\/section>\n\t\t\t\t<section class=\"elementor-section elementor-top-section elementor-element elementor-element-0beb7b9 elementor-section-boxed elementor-section-height-default elementor-section-height-default\" data-id=\"0beb7b9\" data-element_type=\"section\">\n\t\t\t\t\t\t<div class=\"elementor-container elementor-column-gap-default\">\n\t\t\t\t\t<div class=\"elementor-column elementor-col-100 elementor-top-column elementor-element elementor-element-391aa4d\" data-id=\"391aa4d\" data-element_type=\"column\">\n\t\t\t<div class=\"elementor-widget-wrap elementor-element-populated\">\n\t\t\t\t\t\t\t\t<div class=\"elementor-element elementor-element-0232db8 elementor-widget__width-initial elementor-widget elementor-widget-text-editor\" data-id=\"0232db8\" data-element_type=\"widget\" data-widget_type=\"text-editor.default\">\n\t\t\t\t<div class=\"elementor-widget-container\">\n\t\t\t<style>\/*! elementor - v3.17.0 - 08-11-2023 *\/\n.elementor-widget-text-editor.elementor-drop-cap-view-stacked .elementor-drop-cap{background-color:#69727d;color:#fff}.elementor-widget-text-editor.elementor-drop-cap-view-framed .elementor-drop-cap{color:#69727d;border:3px solid;background-color:transparent}.elementor-widget-text-editor:not(.elementor-drop-cap-view-default) .elementor-drop-cap{margin-top:8px}.elementor-widget-text-editor:not(.elementor-drop-cap-view-default) .elementor-drop-cap-letter{width:1em;height:1em}.elementor-widget-text-editor .elementor-drop-cap{float:left;text-align:center;line-height:1;font-size:50px}.elementor-widget-text-editor .elementor-drop-cap-letter{display:inline-block}<\/style>\t\t\t\t<p class=\"page-last-modified\" data-wahfont=\"16\">Atnaujinta\u00a0<strong><time class=\"page-last-modified-td\">2026-04-01<\/time><\/strong><\/p><p data-wahfont=\"16\"><span data-wahfont=\"16\">Direktor\u0117s pavaduotoja ugdymui atsakinga u\u017e Vaik\u0173 pri\u0117mimo \u012f Kauno miesto ikimokyklines \u012fstaigas sistemos tvarkym\u0105, pri\u0117mimo pra\u0161ym\u0173 registravim\u0105.\u00a0<\/span><\/p><h6><span data-wahfont=\"16\"><b>Atvykstant pokalbiui pra\u0161ome pasiskambinti.<\/b><\/span><\/h6><p data-wahfont=\"16\"><span data-wahfont=\"16\">Kovo 11-osios g. 48, Kaunas<\/span><br \/><span data-wahfont=\"16\">tel. +370 37 35 12 46<\/span><br \/><span data-wahfont=\"16\">el. pa\u0161tas: <a href=\"https:\/\/ldmalunelis.lt\/naujas-puslapis\/malunelis@hotmail.com\" data-wahfont=\"16\">info@ldmalunelis.lt<\/a><\/span><\/p><p data-wahfont=\"16\"><strong><span style=\"color: var( --e-global-color-text ); font-family: var( --e-global-typography-text-font-family ), Sans-serif;\">Daugiau informacijos apie pri\u0117mim\u0105:<\/span><\/strong><\/p><p data-wahfont=\"16\"><span style=\"color: var( --e-global-color-text ); font-family: var( --e-global-typography-text-font-family ), Sans-serif; font-weight: var( --e-global-typography-text-font-weight );\">Kauno miesto savivaldyb\u0117s tarybos sprendimas \u201eD\u0117l centralizuoto vaik\u0173 pri\u0117mimo \u012f Kauno miesto savivaldyb\u0117s \u012fsteigt\u0173 biud\u017eetini\u0173 \u0161vietimo \u012fstaig\u0173 ikimokyklinio ir prie\u0161mokyklinio ugdymo grupes tvarkos\u201c\u00a0<a href=\"https:\/\/www.e-tar.lt\/portal\/lt\/legalAct\/SAV.503438\/asr\" target=\"_blank\" rel=\"noopener\">Per\u017ei\u016br\u0117ti dokument\u0105<\/a><\/span><\/p><p data-wahfont=\"16\"><span style=\"color: var( --e-global-color-text ); font-family: var( --e-global-typography-text-font-family ), Sans-serif; font-weight: var( --e-global-typography-text-font-weight );\">Vaik\u0173 registracija \u012f ikimokyklinio ugdymo \u012fstaigas <\/span><a style=\"font-family: var( --e-global-typography-text-font-family ), Sans-serif; font-weight: var( --e-global-typography-text-font-weight ); background-color: #ffffff;\" href=\"https:\/\/idarzeli.kaunas.lt\/\" target=\"_blank\" rel=\"noopener\">Per\u017ei\u016br\u0117ti<\/a><\/p><p>Pageidaujamos datos lankyti Kauno miesto savivaldyb\u0117s \u012fsteigt\u0105 biud\u017eetin\u0119 \u0161vietimo \u012fstaig\u0105 pakeitimas\u00a0<a href=\"https:\/\/epaslaugos.kaunas.lt\/paslaugos\/pageidaujamos-datos-lankyti-istaiga-pakeitimas\/\" target=\"_blank\" rel=\"noopener\">Per\u017ei\u016br\u0117ti<\/a><\/p><p data-wahfont=\"16\">Kauno miesto savivaldyb\u0117s teritorijoje gyvenan\u010di\u0173 ikimokyklinio am\u017eiaus vaik\u0173 siuntimo \u012f Kauno rajono savivaldyb\u0117s \u0161vietimo \u012fstaigas, vykdan\u010dias ikimokyklinio ugdymo program\u0105, tvarkos apra\u0161as <a href=\"https:\/\/ldmalunelis.lt\/wp-content\/uploads\/2023\/10\/Siuntimo-isdavimas-i-KRS-tvarkos-aprasas.pdf\" target=\"_blank\" rel=\"noopener\">Per\u017ei\u016br\u0117ti dokument\u0105<\/a><\/p><p data-wahfont=\"16\">Kauno miesto savivaldyb\u0117s mero potvarkis \u201eD\u0117l Kauno miesto savivaldyb\u0117s teritorijoje gyvenan\u010di\u0173 ikimokyklinio am\u017eiaus vaik\u0173 siuntimo \u012f Kauno rajono savivaldyb\u0117s\u00a0 \u0161vietimo \u012fstaigas, vykdan\u010dias ikimokyklinio ugdymo program\u0105\u201c\u00a0 <a href=\"https:\/\/ldmalunelis.lt\/wp-content\/uploads\/2023\/10\/Mero-potvarkis.pdf\" target=\"_blank\" rel=\"noopener\">Per\u017ei\u016br\u0117ti dokument\u0105<\/a><\/p><p data-wahfont=\"16\"><strong>Informacija apie viet\u0173 skai\u010di\u0173 \u012fstaigoje:<\/strong><\/p><p data-wahfont=\"16\">Kauno miesto savivaldyb\u0117s administracijos \u0161vietimo skyriaus ved\u0117jo \u012fsakymas d\u0117l viet\u0173 skai\u010diaus <strong>2025-2026 m.<\/strong> m. <a href=\"https:\/\/ldmalunelis.lt\/wp-content\/uploads\/2025\/09\/isakymas-del-vietu-skaiciaus-2025-2026-INTERNETUI-1.pdf\" target=\"_blank\" rel=\"noopener\">Per\u017ei\u016br\u0117ti dokument\u0105<\/a><\/p><p data-wahfont=\"16\">Informacij\u0105 apie laisvas vietas m\u016bs\u0173 \u012fstaigoje galite su\u017einoti internetiniu adresu\u00a0<a href=\"https:\/\/idarzeli.kaunas.lt\/z.php\">https:\/\/idarzeli.kaunas.lt\/z.php<\/a><\/p><p data-wahfont=\"16\">\u00a0<\/p>\t\t\t\t\t\t<\/div>\n\t\t\t\t<\/div>\n\t\t\t\t\t<\/div>\n\t\t<\/div>\n\t\t\t\t\t\t\t<\/div>\n\t\t<\/section>\n\t\t\t\t\t\t\t<\/div>\n\t\t","protected":false},"excerpt":{"rendered":"<p>Pri\u0117mimas Atnaujinta\u00a02026-04-01 Direktor\u0117s pavaduotoja ugdymui atsakinga u\u017e Vaik\u0173 pri\u0117mimo \u012f Kauno miesto ikimokyklines \u012fstaigas sistemos tvarkym\u0105, pri\u0117mimo pra\u0161ym\u0173 registravim\u0105.\u00a0 Atvykstant pokalbiui pra\u0161ome pasiskambinti. Kovo 11-osios g. 48, Kaunastel. +370 37 35 12 46el. pa\u0161tas: info@ldmalunelis.lt Daugiau informacijos apie pri\u0117mim\u0105: Kauno miesto savivaldyb\u0117s tarybos sprendimas \u201eD\u0117l centralizuoto vaik\u0173 pri\u0117mimo \u012f Kauno miesto savivaldyb\u0117s \u012fsteigt\u0173 biud\u017eetini\u0173 \u0161vietimo [&hellip;]<\/p>\n","protected":false},"author":1,"featured_media":0,"parent":0,"menu_order":0,"comment_status":"closed","ping_status":"closed","template":"elementor_header_footer","meta":{"footnotes":""},"class_list":["post-39","page","type-page","status-publish","hentry"],"_links":{"self":[{"href":"https:\/\/ldmalunelis.lt\/index.php?rest_route=\/wp\/v2\/pages\/39","targetHints":{"allow":["GET"]}}],"collection":[{"href":"https:\/\/ldmalunelis.lt\/index.php?rest_route=\/wp\/v2\/pages"}],"about":[{"href":"https:\/\/ldmalunelis.lt\/index.php?rest_route=\/wp\/v2\/types\/page"}],"author":[{"embeddable":true,"href":"https:\/\/ldmalunelis.lt\/index.php?rest_route=\/wp\/v2\/users\/1"}],"replies":[{"embeddable":true,"href":"https:\/\/ldmalunelis.lt\/index.php?rest_route=%2Fwp%2Fv2%2Fcomments&post=39"}],"version-history":[{"count":46,"href":"https:\/\/ldmalunelis.lt\/index.php?rest_route=\/wp\/v2\/pages\/39\/revisions"}],"predecessor-version":[{"id":12725,"href":"https:\/\/ldmalunelis.lt\/index.php?rest_route=\/wp\/v2\/pages\/39\/revisions\/12725"}],"wp:attachment":[{"href":"https:\/\/ldmalunelis.lt\/index.php?rest_route=%2Fwp%2Fv2%2Fmedia&parent=39"}],"curies":[{"name":"wp","href":"https:\/\/api.w.org\/{rel}","templated":true}]}}